t of 2188?
2
What is the thousands digit of 4085?
4
What is the thousands digit of 3253?
3
What is the hundreds digit of 319?
3
What is the hundreds digit of 10654?
6
What is the hundreds digit of 38223?
2
What is the hundreds digit of 4680?
6
What is the units digit of 884?
4
What is the thousands digit of 14995?
4
What is the thousands digit of 4068?
4
What is the units digit of 79?
9
What is the hundreds digit of 37528?
5
What is the units digit of 92064?
4
What is the hundreds digit of 699?
6
What is the thousands digit of 9665?
9
What is the tens digit of 2285?
8
What is the hundreds digit of 857?
8
What is the tens digit of 31532?
3
What is the tens digit of 3085?
8
What is the units digit of 3131?
1
What is the units digit of 1460?
0
What is the units digit of 39506?
6
What is the hundreds digit of 8306?
3
What is the tens digit of 3823?
2
What is the tens digit of 32256?
5
What is the ten thousands digit of 18982?
1
What is the thousands digit of 2624?
2
What is the units digit of 935?
5
What is the thousands digit of 1903?
1
What is the hundreds digit of 1027?
0
What is the tens digit of 894?
9
What is the tens digit of 4604?
0
What is the tens digit of 31926?
2
What is the units digit of 258?
8
What is the hundreds digit of 8721?
7
What is the units digit of 495?
5
What is the ten thousands digit of 25611?
2
What is the units digit of 2815?
5
What is the ten thousands digit of 11386?
1
What is the units digit of 3147?
7
What is the tens digit of 45277?
7
What is the units digit of 123?
3
What is the tens digit of 3317?
1
What is the units digit of 7855?
5
What is the ten thousands digit of 45147?
4
What is the thousands digit of 41205?
1
What is the thousands digit of 1853?
1
What is the units digit of 452?
2
What is the thousands digit of 106479?
6
What is the units digit of 102639?
9
What is the units digit of 6163?
3
What is the ten thousands digit of 33403?
3
What is the thousands digit of 14371?
4
What is the units digit of 104898?
8
What is the ten thousands digit of 200064?
0
What is the units digit of 92174?
4
What is the hundreds digit of 28751?
7
What is the thousands digit of 7902?
7
What is the units digit of 18308?
8
What is the units digit of 599?
9
What is the units digit of 12544?
4
What is the units digit of 153?
3
What is the units digit of 71298?
8
What is the thousands digit of 9223?
9
What is the ten thousands digit of 17532?
1
What is the thousands digit of 136306?
6
What is the units digit of 67?
7
What is the thousands digit of 1310?
1
What is the tens digit of 1178?
7
What is the units digit of 15135?
5
What is the tens digit of 2963?
6
What is the units digit of 6698?
8
What is the hundreds digit of 519?
5
What is the hundreds digit of 1345?
3
What is the units digit of 2601?
1
What is the hundreds digit of 524?
5
What is the ten thousands digit of 12660?
1
What is the units digit of 3380?
0
What is the ten thousands digit of 29275?
2
What is the tens digit of 385?
8
What is the units digit of 42114?
4
What is the units digit of 9550?
0
What is the tens digit of 50617?
1
What is the hundreds digit of 3426?
4
What is the hundreds digit of 23965?
9
What is the tens digit of 1447?
4
What is the tens digit of 1269?
6
What is the units digit of 192?
2
What is the hundreds digit of 710?
7
What is the tens digit of 689?
8
What is the units digit of 1000?
0
What is the units digit of 584?
4
What is the tens digit of 23731?
3
What is the units digit of 68891?
1
What is the hundreds digit of 1346?
3
What is the thousands digit of 2909?
2
What is the units digit of 152?
2
What is the hundreds digit of 33557?
5
What is the hundreds digit of 728?
7
What is the units digit of 525?
5
What is the thousands digit of 26433?
6
What is the thousands digit of 22448?
2
What is the tens digit of 455?
5
What is the tens digit of 5826?
2
What is the tens digit of 8180?
8
What is the thousands digit of 3948?
3
What is the tens digit of 5247?
4
What is the units digit of 72121?
1
What is the tens digit of 5607?
0
What is the hundreds digit of 9288?
2
What is the thousands digit of 27202?
7
What is the tens digit of 4142?
4
What is the hundreds digit of 2638?
6
What is the hundreds digit of 695?
6
What is the thousands digit of 3465?
3
What is the thousands digit of 1434?
1
What is the thousands digit of 1610?
1
What is the tens digit of 18001?
0
What is the tens digit of 972?
7
What is the thousands digit of 36495?
6
What is the hundreds digit of 839?
8
What is the hundreds digit of 55823?
8
What is the hundreds digit of 589?
5
What is the ten thousands digit of 34194?
3
What is the thousands digit of 1140?
1
What is the thousands digit of 138152?
8
What is the tens digit of 942?
4
What is the tens digit of 6839?
3
What is the ten thousands digit of 26174?
2
What is the thousands digit of 3732?
3
What is the units digit of 37707?
7
What is the tens digit of 4061?
6
What is the tens digit of 7109?
0
What is the units digit of 317?
7
What is the units digit of 32801?
1
What is the units digit of 841?
1
What is the units digit of 6072?
2
What is the tens digit of 317?
1
What is the ten thousands digit of 15973?
1
What is the thousands digit of 7743?
7
What is the units digit of 24647?
7
What is the units digit of 84?
4
What is the tens digit of 10772?
7
What is the units digit of 8101?
1
What is the units digit of 76606?
6
What is the units digit of 815?
5
What is the units digit of 198380?
0
What is the hundreds digit of 988?
9
What is the tens digit of 353?
5
What is the hundreds digit of 56212?
2
What is the units digit of 15480?
0
What is the hundreds digit of 2697?
6
What is the hundreds digit of 7085?
0
What is the hundreds digit of 39466?
4
What is the hundreds digit of 156577?
5
What is the thousands digit of 39401?
9
What is the hundreds digit of 9511?
5
What is the tens digit of 5832?
3
What is the tens digit of 2543?
4
What is the hundreds digit of 349?
3
What is the units digit of 1321?
1
What is the tens digit of 8286?
8
What is the tens digit of 68736?
3
What is the units digit of 1438?
8
What is the thousands digit of 76495?
6
What is the units digit of 7863?
3
What is the hundreds digit of 6388?
3
What is the tens digit of 24429?
2
What is the hundreds digit of 271?
2
What is the hundreds digit of 2924?
9
What is the units digit of 492?
2
What is the thousands digit of 1545?
1
What is the tens digit of 91738?
3
What is the units digit of 6234?
4
What is the tens digit of 37090?
9
What is the ten thousands digit of 15995?
1
What is the hundreds digit of 1142?
1
What is the thousands digit of 32936?
2
What is the units digit of 962?
2
What is the hundred thousands digit of 103075?
1
What is the tens digit of 54938?
3
What is the ten thousands digit of 16365?
1
What is the hundreds digit of 2898?
8
What is the ten thousands digit of 11360?
1
What is the thousands digit of 17303?
7
What is the hundreds digit of 693?
6
What is the hundreds digit of 26381?
3
What is the hundreds digit of 29037?
0
What is the ten thousands digit of 31007?
3
What is the units digit of 17508?
8
What is the units digit of 3964?
4
What is the thousands digit of 3176?
3
What is the hundreds digit of 2709?
7
What is the hundreds digit of 30584?
5
What is the ten thousands digit of 86878?
8
What is the units digit of 16032?
2
What is the units digit of 719?
9
What is the hundreds digit of 717?
7
What is the thousands digit of 7620?
7
What is the hundreds digit of 159133?
1
What is the units digit of 4257?
7
What is the thousands digit of 8173?
8
What is the hundreds digit of 1059?
0
What is the units digit of 763?
3
What is the thousands digit of 5565?
5
What is the units digit of 68218?
8
What is the units digit of 54288?
8
What is the units digit of 23791?
1
What is the hundreds digit of 8403?
4
What is the hundreds digit of 1526?
5
What is the tens digit of 942?
4
What is the units digit of 9445?
5
What is the units digit of 977?
7
What is the hundreds digit of 12287?
2
What is the hundreds digit of 6423?
4
What is the hundreds digit of 1447?
4
What is the thousands digit of 4765?
4
What is the ten thousands digit of 62747?
6
What is the units digit of 925?
5
What is the hundreds digit of 1058?
0
What is the hundreds digit of 491?
4
What is the